{"id":225,"date":"2023-10-15T16:52:19","date_gmt":"2023-10-15T19:52:19","guid":{"rendered":"https:\/\/expandirnetwork.com.br\/?page_id=225"},"modified":"2023-11-15T20:41:00","modified_gmt":"2023-11-15T23:41:00","slug":"nosso-proposito","status":"publish","type":"page","link":"https:\/\/expandirnetwork.com.br\/index.php\/nosso-proposito\/","title":{"rendered":"Nosso Prop\u00f3sito"},"content":{"rendered":"\n<section id=\"wp-block-themeisle-blocks-advanced-columns-8e5f5f85\" class=\"wp-block-themeisle-blocks-advanced-columns alignfull has-1-columns has-desktop-equal-layout has-tablet-equal-layout has-mobile-equal-layout has-vertical-center\"><div class=\"wp-block-themeisle-blocks-advanced-columns-overlay\"><\/div><div class=\"innerblocks-wrap\">\n<div id=\"wp-block-themeisle-blocks-advanced-column-b070ff3b\" class=\"wp-block-themeisle-blocks-advanced-column\">\n<h1 id=\"wp-block-themeisle-blocks-advanced-heading-2f679188\" class=\"wp-block-themeisle-blocks-advanced-heading wp-block-themeisle-blocks-advanced-heading-2f679188\">Nosso Prop\u00f3sito<\/h1>\n<\/div>\n<\/div><\/section>\n\n\n\n<section id=\"wp-block-themeisle-blocks-advanced-columns-e7931e5c\" class=\"wp-block-themeisle-blocks-advanced-columns alignfull has-2-columns has-desktop-equal-layout has-tablet-equal-layout has-mobile-collapsedRows-layout has-vertical-center\"><div class=\"wp-block-themeisle-blocks-advanced-columns-overlay\"><\/div><div class=\"innerblocks-wrap\">\n<div id=\"wp-block-themeisle-blocks-advanced-column-311d4b3f\" class=\"wp-block-themeisle-blocks-advanced-column\">\n<h2 class=\"wp-block-heading has-text-align-left\"><strong><strong>Como surgiu a ideia de formar o grupo Expandir?<\/strong><\/strong><\/h2>\n\n\n\n<div style=\"height:20px\" aria-hidden=\"true\" class=\"wp-block-spacer\"><\/div>\n\n\n\n<p class=\"has-text-align-left\">A ideia de formar o Grupo Expandir nasceu de um momento de inspira\u00e7\u00e3o e vis\u00e3o compartilhada. Ap\u00f3s participar de outros grupos de network, percebemos a necessidade de criar algo diferente, mais simples, eficiente e eficaz. Reconhecemos a necessidade de uma comunidade empresarial que n\u00e3o apenas promovesse networking, mas tamb\u00e9m nutrisse relacionamentos profundos e compartilhasse conhecimentos valiosos. Assim, a g\u00eanese do Grupo Expandir foi moldada pela necessidade de criar um ambiente onde o empreendedorismo e o networking fossem mais do que meras palavras, mas sim a base para o crescimento empresarial e o desenvolvimento pessoal.<\/p>\n\n\n\n<div style=\"height:20px\" aria-hidden=\"true\" class=\"wp-block-spacer\"><\/div>\n<\/div>\n\n\n\n<div id=\"wp-block-themeisle-blocks-advanced-column-49224624\" class=\"wp-block-themeisle-blocks-advanced-column\">\n<figure class=\"wp-block-image size-large\"><img loading=\"lazy\" decoding=\"async\" width=\"1024\" height=\"682\" src=\"https:\/\/expandirnetwork.com.br\/wp-content\/uploads\/2023\/10\/Dollarphotoclub_65185159-1024x682.jpg\" alt=\"\" class=\"wp-image-228\" srcset=\"https:\/\/expandirnetwork.com.br\/wp-content\/uploads\/2023\/10\/Dollarphotoclub_65185159-1024x682.jpg 1024w, https:\/\/expandirnetwork.com.br\/wp-content\/uploads\/2023\/10\/Dollarphotoclub_65185159-300x200.jpg 300w, https:\/\/expandirnetwork.com.br\/wp-content\/uploads\/2023\/10\/Dollarphotoclub_65185159-768x512.jpg 768w, https:\/\/expandirnetwork.com.br\/wp-content\/uploads\/2023\/10\/Dollarphotoclub_65185159-930x620.jpg 930w, https:\/\/expandirnetwork.com.br\/wp-content\/uploads\/2023\/10\/Dollarphotoclub_65185159.jpg 1145w\" sizes=\"auto, (max-width: 1024px) 100vw, 1024px\" \/><\/figure>\n<\/div>\n<\/div><\/section>\n\n\n\n<section id=\"wp-block-themeisle-blocks-advanced-columns-94dec1f4\" class=\"wp-block-themeisle-blocks-advanced-columns alignfull has-1-columns has-desktop-equal-layout has-tablet-equal-layout has-mobile-equal-layout has-vertical-flex-start\"><div class=\"wp-block-themeisle-blocks-advanced-columns-overlay\"><\/div><div class=\"innerblocks-wrap\">\n<div id=\"wp-block-themeisle-blocks-advanced-column-7b0444df\" class=\"wp-block-themeisle-blocks-advanced-column\">\n<section id=\"wp-block-themeisle-blocks-advanced-columns-1727ab75\" class=\"wp-block-themeisle-blocks-advanced-columns has-1-columns has-desktop-equal-layout has-tablet-equal-layout has-mobile-collapsedRows-layout has-vertical-center has-reverse-columns-mobile\"><div class=\"wp-block-themeisle-blocks-advanced-columns-overlay\"><\/div><div class=\"innerblocks-wrap\">\n<div id=\"wp-block-themeisle-blocks-advanced-column-28d31c74\" class=\"wp-block-themeisle-blocks-advanced-column\">\n<h3 class=\"wp-block-heading\"><strong><strong>Qual \u00e9 o prop\u00f3sito do grupo Expandir?<\/strong><\/strong><\/h3>\n\n\n\n<p>O Grupo Expandir tem um prop\u00f3sito claro e poderoso: criar uma rede de empreendedores e empres\u00e1rios que compartilham valores fundamentais, como excel\u00eancia nos neg\u00f3cios, compromisso com a comunidade e crescimento pessoal cont\u00ednuo. Acreditamos que o networking \u00e9 mais do que apenas conhecer pessoas; \u00e9 sobre se conectar com pessoas. Ao promover o networking significativo, compartilhar insights valiosos e cultivar relacionamentos genu\u00ednos, buscamos impulsionar o crescimento dos nossos afiliados e ajud\u00e1-los a alcan\u00e7ar todo o seu potencial. No Grupo Expandir, o engajamento gera confian\u00e7a, e a confian\u00e7a gera neg\u00f3cios. Nosso objetivo \u00e9 fortalecer tanto os indiv\u00edduos quanto o ecossistema empresarial local, criando uma comunidade \u00fanica e pr\u00f3spera.<\/p>\n\n\n\n<h3 class=\"wp-block-heading\"><strong><strong>O grupo tem seis meses, como tem sido a receptividade, j\u00e1 \u00e9 poss\u00edvel mensurar resultados?<\/strong><\/strong><\/h3>\n\n\n\n<p>Os primeiros seis meses do Grupo Expandir t\u00eam sido verdadeiramente transformadores, tanto do ponto de vista pessoal quanto profissional, tanto para mim quanto para todos os nossos afiliados. O que torna essa experi\u00eancia verdadeiramente valiosa \u00e9 a maneira como os resultados se manifestam. O feedback positivo e os relatos inspiradores de nossos membros refletem como o Expandir, em um per\u00edodo relativamente curto, j\u00e1 gerou valores intr\u00ednsecos e impulsionou neg\u00f3cios de maneira significativa. No entanto, \u00e9 importante ressaltar que os resultados podem variar dependendo do modelo de neg\u00f3cios de cada pessoa e de seu n\u00edvel de engajamento na equipe. O networking \u00e9 uma jornada que envolve construir relacionamentos s\u00f3lidos e aut\u00eanticos, o que pode levar algum tempo. No entanto, a chave para o sucesso no Expandir e em qualquer rede de neg\u00f3cios \u00e9 o comprometimento e a a\u00e7\u00e3o cont\u00ednua. Lembre-se de que, no mundo do networking, o tempo \u00e9 uma ferramenta que voc\u00ea pode moldar de acordo com seu empenho e dedica\u00e7\u00e3o. Estamos empolgados com o progresso que j\u00e1 vimos e ansiosos para os muitos sucessos que o futuro reserva para todos n\u00f3s no Expandir.<\/p>\n<\/div>\n<\/div><\/section>\n<\/div>\n<\/div><\/section>\n\n\n\n<section id=\"wp-block-themeisle-blocks-advanced-columns-ab083159\" class=\"wp-block-themeisle-blocks-advanced-columns alignfull has-3-columns has-desktop-equal-layout has-tablet-equal-layout has-mobile-collapsedRows-layout has-vertical-center\"><div class=\"wp-block-themeisle-blocks-advanced-columns-overlay\"><\/div><div class=\"innerblocks-wrap\">\n<div id=\"wp-block-themeisle-blocks-advanced-column-b9f37e87\" class=\"wp-block-themeisle-blocks-advanced-column\">\n<div id=\"wp-block-themeisle-blocks-font-awesome-icons-a5f36d09\" class=\"wp-block-themeisle-blocks-font-awesome-icons\"><span class=\"wp-block-themeisle-blocks-font-awesome-icons-container\"><i class=\"fab fa-whatsapp\"><\/i><\/span><\/div>\n\n\n\n<div style=\"height:20px\" aria-hidden=\"true\" class=\"wp-block-spacer\"><\/div>\n\n\n\n<h3 class=\"wp-block-heading has-text-align-center has-nv-text-dark-bg-color has-text-color\">WhatsApp<\/h3>\n\n\n\n<div style=\"height:20px\" aria-hidden=\"true\" class=\"wp-block-spacer\"><\/div>\n\n\n\n<div id=\"wp-block-themeisle-blocks-button-group-6f732b60\" class=\"wp-block-themeisle-blocks-button-group wp-block-buttons align-center\">\n<div id=\"wp-block-themeisle-blocks-button-dba2b5f2\" class=\"wp-block-themeisle-blocks-button wp-block-button\"><a href=\"\" target=\"_self\" rel=\"noopener noreferrer\" class=\"wp-block-button__link\"><span>ENVIAR<\/span><\/a><\/div>\n<\/div>\n<\/div>\n\n\n\n<div id=\"wp-block-themeisle-blocks-advanced-column-269a9673\" class=\"wp-block-themeisle-blocks-advanced-column\">\n<div id=\"wp-block-themeisle-blocks-font-awesome-icons-e52081f0\" class=\"wp-block-themeisle-blocks-font-awesome-icons\"><span class=\"wp-block-themeisle-blocks-font-awesome-icons-container\"><i class=\"fab fa-instagram\"><\/i><\/span><\/div>\n\n\n\n<div style=\"height:20px\" aria-hidden=\"true\" class=\"wp-block-spacer\"><\/div>\n\n\n\n<h3 class=\"wp-block-heading has-text-align-center has-nv-text-dark-bg-color has-text-color\">Instagram<\/h3>\n\n\n\n<div style=\"height:20px\" aria-hidden=\"true\" class=\"wp-block-spacer\"><\/div>\n\n\n\n<div id=\"wp-block-themeisle-blocks-button-group-cdeb0879\" class=\"wp-block-themeisle-blocks-button-group wp-block-buttons align-center\">\n<div id=\"wp-block-themeisle-blocks-button-3952ccb4\" class=\"wp-block-themeisle-blocks-button wp-block-button\"><a href=\"https:\/\/www.instagram.com\/expandirnetwork\" target=\"_self\" rel=\"noopener noreferrer\" class=\"wp-block-button__link\"><span>SEGUIR<\/span><\/a><\/div>\n<\/div>\n<\/div>\n\n\n\n<div id=\"wp-block-themeisle-blocks-advanced-column-8fc46b79\" class=\"wp-block-themeisle-blocks-advanced-column\">\n<div id=\"wp-block-themeisle-blocks-font-awesome-icons-01b6a9c1\" class=\"wp-block-themeisle-blocks-font-awesome-icons\"><span class=\"wp-block-themeisle-blocks-font-awesome-icons-container\"><i class=\"fab fa-youtube\"><\/i><\/span><\/div>\n\n\n\n<div style=\"height:20px\" aria-hidden=\"true\" class=\"wp-block-spacer\"><\/div>\n\n\n\n<h3 class=\"wp-block-heading has-text-align-center has-nv-text-dark-bg-color has-text-color\">Youtube<\/h3>\n\n\n\n<div style=\"height:20px\" aria-hidden=\"true\" class=\"wp-block-spacer\"><\/div>\n\n\n\n<div id=\"wp-block-themeisle-blocks-button-group-95acd338\" class=\"wp-block-themeisle-blocks-button-group wp-block-buttons align-center\">\n<div id=\"wp-block-themeisle-blocks-button-c0cc8c01\" class=\"wp-block-themeisle-blocks-button wp-block-button\"><a href=\"https:\/\/www.youtube.com\/channel\/UCo0ceCAz_81z82Ykbp21swg\" target=\"_self\" rel=\"noopener noreferrer\" class=\"wp-block-button__link\"><span>INSCREVER<\/span><\/a><\/div>\n<\/div>\n<\/div>\n<\/div><\/section>\n","protected":false},"excerpt":{"rendered":"","protected":false},"author":1,"featured_media":0,"parent":0,"menu_order":0,"comment_status":"closed","ping_status":"closed","template":"page-templates\/template-pagebuilder-full-width.php","meta":{"neve_meta_sidebar":"full-width","neve_meta_container":"","neve_meta_enable_content_width":"on","neve_meta_content_width":100,"neve_meta_title_alignment":"","neve_meta_author_avatar":"","neve_post_elements_order":"","neve_meta_disable_header":"","neve_meta_disable_footer":"","neve_meta_disable_title":"","_themeisle_gutenberg_block_has_review":false,"footnotes":""},"class_list":["post-225","page","type-page","status-publish","hentry"],"_links":{"self":[{"href":"https:\/\/expandirnetwork.com.br\/index.php\/wp-json\/wp\/v2\/pages\/225","targetHints":{"allow":["GET"]}}],"collection":[{"href":"https:\/\/expandirnetwork.com.br\/index.php\/wp-json\/wp\/v2\/pages"}],"about":[{"href":"https:\/\/expandirnetwork.com.br\/index.php\/wp-json\/wp\/v2\/types\/page"}],"author":[{"embeddable":true,"href":"https:\/\/expandirnetwork.com.br\/index.php\/wp-json\/wp\/v2\/users\/1"}],"replies":[{"embeddable":true,"href":"https:\/\/expandirnetwork.com.br\/index.php\/wp-json\/wp\/v2\/comments?post=225"}],"version-history":[{"count":5,"href":"https:\/\/expandirnetwork.com.br\/index.php\/wp-json\/wp\/v2\/pages\/225\/revisions"}],"predecessor-version":[{"id":241,"href":"https:\/\/expandirnetwork.com.br\/index.php\/wp-json\/wp\/v2\/pages\/225\/revisions\/241"}],"wp:attachment":[{"href":"https:\/\/expandirnetwork.com.br\/index.php\/wp-json\/wp\/v2\/media?parent=225"}],"curies":[{"name":"wp","href":"https:\/\/api.w.org\/{rel}","templated":true}]}}